3 - 84) - (-1 - -9)
31
What is the value of (23 - 3) + (78 - 111)?
-13
What is the value of 35 + (-14 - -2) + -4 + 6?
25
Calculate (-32 - (-2 - 12)) + 32.
14
What is 23 + (8 - 10) - 13 - 2?
6
Evaluate 7 + (-8 - (1 + -8)) + -2.
4
Calculate -17 - (17 + (-5 - (-5 - -9))).
-25
What is the value of 19 + 2 + (-9 - 3)?
9
16 + -4 + -1 - 13
-2
Evaluate (8 - (-7 + (-1 - -11))) + -9.
-4
(9 - (43 + 2 - -1)) + 14
-23
What is (3 - 4) + 12 + -14?
-3
-14 + (-29 - (14 - 36))
-21
34 + -12 + -19 + 22
25
What is 0 + -5 - (-478 + 467)?
6
Calculate -22 + (23 - 27) + 32.
6
Calculate 816 + -850 + (-1 - -33).
-2
What is -11 - 17 - (-20 + -1)?
-7
-1 - (5 - (24 + 5 - (-2 - -6)))
19
Calculate -98 - -76 - (-8 - (-23 + 3)).
-34
What is the value of 842 - 841 - (-1 + 23)?
-21
What is the value of (13 - 16) + (-7 - -32)?
22
What is the value of (8 - -1) + (12 + -11 - -2)?
12
Calculate 210 - 205 - (-1 - 2).
8
What is the value of (-5 + 4 - 9) + 5 + -8?
-13
Evaluate 8 + -1 + (2 - -1) + (38 - 40).
8
What is -9 + -4 + 4 - (-7 - (-6 + -1))?
-9
What is 21 + -16 + -5 + 2?
2
Evaluate 5 + -2 + (-1 - -6) - (-7 + 4).
11
What is -6 + (-6 - -6 - 9 - (-4 + 0))?
-11
What is 3 + -4 + -4 + 1 + -12 + 5?
-11
What is the value of (1 - 4) + 2 + -4 - (42 + -53)?
6
What is 3 + 14 - (-38 + 25)?
30
(-6 - (19 + -21)) + -6 + 1 + 2
-7
What is the value of 8 + -9 + 12 + -4 + -24?
-17
Calculate 3 - (3 + -5) - (10 + 10 - 5).
-10
Calculate 1 - (-1 - (6 + 3)).
11
What is 1 - 4 - (-2 - (26 - 22) - -10)?
-7
Calculate (783 - 777) + (8 - (0 + 0 + -2)).
16
Calculate -4 + (7 + -1 - -2 - 16).
-12
0 - (9 - 8 - -4 - -9)
-14
What is 8 + -17 + 20 - 16 - (1 - -17)?
-23
Calculate -2 - -1 - (-44 + 16 - -23).
4
19 - (-18 + -1 - -35)
3
Calculate 7 - 0 - (-22 + 50) - -9.
-12
What is the value of 9 + (-8 - -10) + 1?
12
What is (14 - (-1 + 2)) + -13?
0
Evaluate (-12 - (-17 - -10)) + 12 - 1.
6
-5 + 6 + -19 + -9 + 25 + -7
-9
What is the value of 5 - 1 - (-13 + -1 - (-8 + -6))?
4
What is (-234 - -238) + 0 + 6 + -1 - 1?
8
-12 + 1 - ((64 - 43) + -54)
22
Calculate 1 - (1 - -3 - -1) - 4.
-8
Calculate -118 + 182 + -66 + (-5 - -1 - 0).
-6
What is 1 - 9 - (4 + -8)?
-4
Evaluate -1 + (-11 - (1 + -13)).
0
What is the value of 1 + 0 + -8 + 13 + -4?
2
What is -6 + 2 + -2 - (22 - 50)?
22
What is 4 - (17 + -7 + -2) - (-18 + 0)?
14
Calculate 3 + 3 + (-9 - -13 - -13).
23
What is 0 - (-2 + 5) - (97 + -97)?
-3
Evaluate -7 + (-12 - (6 + -29)).
4
What is 12 - ((17 - -10) + -12 - 8)?
5
What is the value of (-351 - -352) + -1 + -1?
-1
-2 + -17 + 10 + 24 + (-3 - 1)
11
Calculate -10 - ((0 - -2) + -20).
8
Calculate (1 - -23) + 2 + -16.
10
What is -534 + 550 - (-2 - -4)?
14
Calculate 466 + -466 - (2 + -3).
1
(-1 - (24 - 16)) + 20 + 2
13
What is 7 - -15 - (-12 - -8 - -7) - 2?
17
What is (-5 + 0 - -1) + (26 - -11) + -7?
26
Evaluate -2 + -11 - (0 + -11).
-2
Evaluate (2 - -4) + 1 + -163 + 151.
-5
Evaluate 6 + (4 - (-1 + 5)) + 6 + -8.
4
-11 - -23 - (8 + 0)
4
What is (2 + -1 + 1 - (78 + -72)) + -10?
-14
Calculate -52 + (24 - 5) + 25.
-8
-15 + (-20 - -38) + -3 + (7 - 1)
6
What is the value of 33 - (3 + (-9 - -29))?
10
Evaluate (2 - -3 - (4 - -7)) + 32 + -16.
10
What is the value of (-26 - (16 + -33)) + 1 + 17?
9
Evaluate 1 + 1 + (603 - 607).
-2
What is the value of (-127 - -119) + 13 + 0?
5
Calculate -11 - (-10 - 7) - (4 - (-2 - -10)).
10
Calculate -20 - -10 - (-8 + 5).
-7
(-10 - -6) + -1 - (6 - -2)
-13
What is -2 + (-8 + 9 - 10)?
-11
Evaluate 25 + -8 - (29 - 2) - (-1 - 40).
31
What is the value of 6 - (18 + 5) - -7?
-10
What is the value of 0 - 1 - (-40 + 58 - 12)?
-7
What is the value of 23 - (0 - (4 + -20))?
7
What is -1 + -7 + 1 - (-116 - -113)?
-4
-51 - -40 - (-8 - (30 - 4))
23
What is 19 + -18 + (1 - -2) + 4?
8
What is -3 + 2 + 35 + (-33 - (23 + -53))?
31
2 - -14 - (-8 - 3 - (6 + -10))
23
Evaluate -7 + -1 - (-4 + 2 - 3).
-3
Evaluate 8 + -1 - ((62 - 65) + 5 + 2).
3
What is the value of -17 + -14 + 34 + 1 + -4?
0
Evaluate (27 - 69 - 42) + 49.
-35
Calculate 1 - (0 + 3 - (-5 + 10)).
3
-13 - 4 - (-2 + (-7 - -3))
-11
What is the value of 8 + (-15 + -1 - 9) - -8?
-9
(2 - (1 + 2 + -24)) + (21 - 26)
18
Evaluate 6 - (63 + (0 - 33)).
-24
12 + -1 - (-232 + 228) - 50
-35
What is the value of 907 + -935 + (27 - -1)?
0
What is 8 + -18 + (15 - 1 - (-49 - -53))?
0
What is -1 + -14 - (-3 - (13 + -3 - 11))?
-13
4 + -11 + (-214 - -185)
-36
(-16 - 0) + (63 - (-65 + 83))
29
Evaluate 2 + 2 + -3 + (-1 - -3) + 20.
23
Calculate 19 - -1 - 28 - -2.
-6
Calculate -11 + (3 - (22 + -2 + -5 + -1)).
-22
Calculate 41 - (-4 - (25 + -40)).
30
Calculate (15 - (0 + 7)) + -4.
4
Evaluate -7 + (12 - 3) + -20 + -14.
-32
Evaluate 22 - (9 - 1 - (10 - (16 - 10))).
18
-5 + 10 + -15 + 28 - 12
6
Evaluate -132 - -123 - (0 + 0 + 1).
-10
What is -3 + (-14 - 1) + (-283 - -335)?
34
What is -9 - (8 + (-1 + -45 - -9))?
20
What is 1 - (5 + (-18 - 7) + 11)?
10
Calculate 2 - -5 - (-64 - -90).
-19
Evaluate -7 - (6 - (-11 - -24 - (4 - -1))).
-5
What is the value of (19 - 1) + (983 - 1022)?
-21
-95 + 105 + (-8 - (2 + 5))
-5
What is 24 + 14 + -14 - 49?
-25
Evaluate 1 + (5 - (5 - (2 - 1))).
2
-110 + 132 + (2 - 23)
1
Calculate -4 - (13 - (-6 - (-12 - -2))).
-13
What is the value of 20 - (19 + 7 + (1 - -13))?
-20
Calculate 0 + (14 - 1 - (-43 - -57)).
-1
Calculate -9 + -6 + 8 + (4 - 11).
-14
What is the value of -9 + 1 - (9 + (3 - -6))?
-26
What is 9 + (33 - 75) + 2?
-31
What is the value of 2 + 5 + -10 + 2 + -6 - 4?
-11
Calculate -4 - (-16 + 35 + -31).
8
Calculate 63 + (-10 - -12) + -21 - 16.
28
Evaluate -11 + 1 - (-189 - -176).
3
What is (1 - (-1 + (7 - 19))) + -13?
1
What is -13 - (8 + -11 - 3 - (-7 - 0))?
-14
Evaluate 49 + -21 + -23 - (-2 - (1 + -1)).
7
What is the value of (1 - (-9 + 6)) + (0 - 5) + 5?
4
(-28 + 23 - 1) + -8
-14
15 - 15 - (12 - 7)
-5
Evaluate (-114 + 107 - ((-1 - -2) + -24)) + -5.
11
1 + 1 - (55 - 57) - -1
5
What is -15 + 19 - -13 - 46?
-29
Evaluate -26 + 7 + (20 - -17).
18
-1 - (142 + -136 + (-1 - -1))
-7
What is the value of -6 + (2 - (-10 + 6) - -1 - 11)?
-10
Calculate (50 - 59) + 12 + 1.
4
Calculate (-38 - (-17 - -19)) + 23.
-17
What is 12 - (-2 + 0 - -17 - 9)?
6
Calculate (11 - 3) + (6 - 13) - -18.
19
What is the value of (3 - -1 - 3 - 38) + 1?
-36
What is (16 - (15 + 1 + -5)) + 0 + -3?
2
Calculate -56 + 59 + (-1 - 0) - 9.
-7
Evaluate 2 + -32 + 15 + 32.
17
Evaluate (39 + -21 - 28) + 26.
16
(17 - -7) + -18 - -7
13
10 + 2 - (994 + -983)
1
What is the value of 1 + 2 - (-40 - -61)?
-18
What is the value of (3 - -3 - 1) + (-42 - -40)?
3
What is the value of -24 + 1 + (354 - 346)?
-15
Calculate -16 - (-2 + (11 - (18 - 7)) + 9).
-23
(-2 + -18 - -18) + 2 + -8
-8
Evaluate 15 + (-11 - 0 - -7).
11
Evaluate 1 + -39 - (1 + -2) - (-7667 + 7667).
-37
(-1 - -4) + (-3 - (-9 - -14)) + -7
-12
Evaluate (1 - -14) + -34 + 4.
-15
Evaluate 11 + (6 + -10 - 6) + -8.
-7
What is the value of 0 + -10 + -13 + 25 + -1?
1
What is the value of (0 + 16 - 5) + (5 - 12 - -4)?
8
16 - (3 - (26 + -70))
-31
Evaluate 0 + (4 - (11 + -13 + -4)) + 1.
11
What is 1 + -1 + (-19 - (-35 + 1))?
15
Evaluate 4 + -8 + 22 - 16 - (1 + 4).
-3
What is (-2 - -3) + -7 + 9 + -4 - -8?
7
Evaluate (-3 - 8 - 2 - -4) + 11.
2
Evaluate -10 - (1 + -8 + (-10 - -1)).
6
Evaluate -7 + 1 + -43 + 55 - 24 - -3.
-15
What is (-5 + 0 - (1 + -5)) + (-3 - -18)?
14
8 + (1 - 17) + 4 + -4
-8
Calculate -45 + 35 - (-1 - 1).
-8
What is 17 + -3 + 5 - (375 - 368)?
12
What is (-7 - (-2 + 1)) + (8 - 0) + 18?
20
(37 - (-5 - -56)) + 27
13
Evaluate (-32 - (6 - 22)) + 13.
-3
Calculate -9 + (33 - -2) - (-9 - -6).
29
6 + (-2 + -5 - -2) + 3 + -9
-5
Evaluate -4 - -1 - (-8 - (-6 + 16 + -11)).
4
What is the value of 0 - ((15 - 4) + -15)?
4
Evaluate -2 + -11 + 72 + -71.
-12
What is the value of 29 + (-4 + 10 + -12 - 0 - -16)?
39
Calculate (18 - (-24 - -47)) + -3.
-8
-21 - (-5 + -1 - (-9 + 2) - 7)
-15
(1 - -2) + -11 + 2 - -5
-1
-15 - (5 + -3 - (3 + 0))
-14
What is -5 - (10 + -50 - -13) - 6?
16
What is 6 - (-1 - 5 - (7 - (2 + -2)))?
19
Calculate 12 - ((20 - 6) + -9 + -3).
10
Evaluate (-6 - (1 + -3) - -2) + 2 - -3.
3
What is (-5 - -5) + 0 + (-28 - -45)?
17
What is the value of (-11 - 7) + (-1 - -3) + 20?
4
Evaluate (-6 - (1 - -5 - (32 - 25))) + 5.
0
-14 - -2 - (-7 + 0 - (-150 - -142))
-13
Calculate ((-1 - -3) + 0 - -15) + -77 + 75.
15
-2 - -4 - (-62 + 77)
-13
What is the value of 1 + -4 + (-6